- 4*c**2 - 3*c + 1. Let w be o(-3). Let r = 7 - w. Is r prime?
False
Suppose 2*x + 2328 = 4*y, 1166 = 4*y - 2*y - 2*x. Is y a composite number?
True
Suppose -3*d + 4*d = 145. Let b = d + -56. Is b prime?
True
Suppose 4*p - 505 = -2*b + 817, -4*b = -4*p - 2692. Is b a composite number?
True
Let k(f) = 121*f + 5. Is k(2) composite?
True
Suppose -i + 73 + 6 = 0. Is i a prime number?
True
Let o(h) = 1 + 3 + 4 - 7*h - 5. Is o(-4) a prime number?
True
Let o = -18 - -29. Is o a prime number?
True
Let o(p) = 4*p + 10. Let w be o(-4). Is (-4)/12 + (-188)/w composite?
False
Suppose 3*b - 2*a - 1481 = 2*a, 3*b - 1513 = -4*a. Is b prime?
True
Let s(g) = -16*g + 3. Let d be s(-3). Let o = d - -16. Is o a composite number?
False
Suppose 2*q = 2*k + 666, 2*q - 299 = 5*k + 373. Is q composite?
False
Let s(f) be the third derivative of f**5/30 - f**4/4 + f**3/2 + 3*f**2. Let k be s(5). Suppose 2*z - 3*t = 37, 5*z - 2*z - k = -2*t. Is z a composite number?
False
Let b(u) = 3 - u - 3. Let t be b(-4). Suppose 2*c = t*p - 46, 7*p + 3*c = 4*p + 48. Is p prime?
True
Let i = -75 + 187. Is ((-6)/(-8))/(4/i) a prime number?
False
Let y(o) = 5*o**2 + 2*o - 4. Let i = -15 - -20. Is y(i) a prime number?
True
Let i(r) = -41*r - 5. Is i(-2) a prime number?
False
Suppose -2*w - 13 = -3*u, -2*u + 5*u + 3*w = 33. Suppose u*m = 3*m - 1692. Is (m/(-6))/3*2 prime?
True
Suppose -w - 4*t = -5*w - 4, -w + 2*t = 6. Suppose -139 + 1031 = w*l + 2*p, -5*p - 892 = -4*l. Is l a composite number?
False
Suppose 2*q = 5*q - 6. Suppose -15 = -5*l + p, -l - q*l + 2*p + 16 = 0. Suppose 5*a - 345 = 2*y, 0*a = l*a + 2*y - 124. Is a prime?
True
Suppose 0 = 2*x - 0*x + 4. Let d be (8/(-10))/(x/(-10)). Is (-331)/(-7) - d/(-14) composite?
False
Let b(x) = x**2 + x. Let f(i) = -i**2 - i - 1. Let s be f(-1). Let w be b(s). Suppose 4*o = w, -2*o - o = 5*m - 265. Is m composite?
False
Let f = 55 - -74. Let h be (-22)/8 - (-2)/(-8). Is h/4 + f/12 composite?
True
Let q(z) = 194*z + 3. Is q(7) a composite number?
False
Let i(u) = -2*u**2 + 5*u + 2. Let s be i(4). Let h = 6 + s. Is 6/12 + (-354)/h a prime number?
True
Suppose 0*d - 2 = -2*x + d, -2*x + 14 = 5*d. Suppose 0 = -5*q + 2*l + 379, -x*l - 376 = -5*q + l. Is q composite?
True
Let a(o) = 600*o + 9. Let j be a(-4). Is (6/9)/((-2)/j) prime?
True
Let s be (-9 + 10)/((-1)/(-5)). Suppose 0*y + y + s*r = 407, -r = -5*y + 2035. Is y composite?
True
Let v be 8 - 4*6/8. Suppose v*l + 7*x - 4*x = 449, -4*x - 8 = 0. Suppose a - 302 + l = 0. Is a a composite number?
False
Let l be 1/(2 - (-14)/(-8)). Suppose -3*t - 4*m + 3*m = -18, l*m = 5*t - 30. Is 267/5 - t/15 prime?
True
Let d be 1/(1 + 38/(-39)). Suppose -3*m - 198 = -3*u - d, 0 = 5*m + 10. Is u composite?
True
Let b(w) = -347*w + 35. Is b(-4) a prime number?
True
Suppose -5*y + 3 = 4*z, -3*y + 4*y = 5*z - 11. Suppose z*s + 4*t - 34 - 220 = 0, 0 = -2*s - 5*t + 253. Is s a composite number?
True
Let o be 2716/(-21) - (-2)/6. Let x = o + 206. Is x composite?
True
Let c(a) = -96*a - 5. Is c(-4) a prime number?
True
Suppose 378 = -5*c - 132. Let b = -25 - c. Is b composite?
True
Let q(a) = 2*a**2 - 17*a + 23. Is q(18) prime?
False
Let q(f) = -8*f**3 - 4*f**2 - 4*f - 3. Let d be q(-2). Let u = d - 22. Is u a prime number?
True
Suppose -6749 = -3*b + 2068. Is b prime?
True
Suppose 3*i - 457 = -2*a, -5*a + 4*a + 601 = 4*i. Suppose 0 = l + 4*r - 54, -4*l + r + 180 = -87. Let p = i - l. Is p a composite number?
False
Let k(u) be the third derivative of u**4/24 + 5*u**3/6 + 3*u**2. Is k(5) a composite number?
True
Let r = 9 - 5. Suppose -258 = -r*u + 466. Is u composite?
False
Let m(t) = t - 8. Let d be m(7). Let r(u) = 11*u**2. Is r(d) composite?
False
Let k be (-2)/(-6) + 2/(-6). Suppose -1527 = -k*h + 3*h. Let y = -348 - h. Is y a composite number?
True
Let h = -97 + 242. Is h a composite number?
True
Let v(x) = 101*x - 11. Let p be v(-8). Let h = -540 - p. Let z = -152 + h. Is z composite?
False
Let z be (-5)/(15/(-6)) + -4. Suppose 0*y - n = 3*y - 106, -n + 178 = 5*y. Is (z + y)*5/2 composite?
True
Let h(m) = -3*m + 3*m + 40*m**2 - 3 + 3*m - 6*m. Is h(-2) a prime number?
True
Let x = -73 + 160. Is x composite?
True
Is (1/3 - (-29506)/6)/2 a composite number?
False
Suppose 0 = 2*i - 238 + 74. Is i composite?
True
Let a = -5 - -5. Let h be 2 + (a + -256)/2. Let p = h - -313. Is p prime?
False
Let x(z) = 30*z + 1. Suppose -5*u - h + 5 = 4*h, 12 = -3*h. Suppose 9 = u*l - 0*t - t, -l - 5*t - 19 = 0. Is x(l) a prime number?
True
Let t be 20*((-609)/(-6))/(-7). Is (1 + 6/(-4))*t a prime number?
False
Suppose u + 0 - 1 = 0. Suppose 0 = 2*d - 2*b - 10, 0 = -3*b + u + 11. Is d prime?
False
Suppose 5*m + 6 = 181. Is m a prime number?
False
Let z(p) = p**3 - 8*p**2 + 11*p - 6. Is z(7) a prime number?
False
Let u(f) = 13*f**2 - 35*f + 36. Let i(g) = 3*g**2 - 9*g + 9. Let s(c) = -9*i(c) + 2*u(c). Is s(8) prime?
False
Let m = -2326 - -1376. Is 4/18 - m/18 a prime number?
True
Let t = 42 - -4. Is (2 - 3) + t/2 composite?
True
Is (-2343)/(-7) - 6/42*-2 composite?
True
Let r(b) = b**2 - 9*b + 7. Let q(l) = -l**2 + 10*l - 6. Let x(o) = 6*q(o) + 7*r(o). Is x(9) composite?
False
Let v be 5*5/(25/69). Let n = 14 - 25. Let w = n + v. Is w composite?
True
Let a(l) = 5*l + 3. Let b be a(-2). Let i = b - -5. Is i + (24 - (-3)/(-3)) prime?
False
Suppose 2*h = h - 5*b + 2757, 0 = b + 2. Is h a composite number?
False
Let a(c) = -c**3 - 6*c**2 + 6*c - 4. Let q be a(-7). Let k(t) be the first derivative of 9*t**2 - t - 1. Is k(q) a prime number?
True
Suppose 2*y - 8 = -2. Suppose -d = x - 20, -y*x - x + 4*d = -80. Suppose 5*h - 30 = x. Is h a composite number?
True
Let i be ((-9)/(-3) + -8)*1. Let s = -1 - i. Suppose 0*x = -s*x + 148. Is x composite?
False
Let h(r) = 2*r**2 - r - 2. Let n be h(2). Suppose -b = n*b + 10. Is b/(-4) - (-42)/12 prime?
False
Let q(c) = -c**3 + 2*c**2 - 10*c - 14. Is q(-5) prime?
True
Let h = -23 + 12. Let y = -5 - h. Is y a composite number?
True
Suppose 3155 = 11*r - 6*r. Is r prime?
True
Let s(k) = -248*k + 1. Let c(w) = 248*w - 1. Let j(y) = 5*c(y) + 4*s(y). Is j(1) a composite number?
True
Suppose 0 = h - 12 - 18. Let r = h - 19. Is r prime?
True
Let c = 1998 + 373. Is c a composite number?
False
Let d(s) = 76*s**2 - 9*s - 2. Is d(7) a composite number?
False
Suppose 2*f - 1 = 3. Let n be 146 - (f - 2 - 1). Suppose 0*o + n = 3*o. Is o prime?
False
Suppose 12*j = 5*j + 2779. Is j a prime number?
True
Let n(m) = -10*m - 2 - m**3 + 6 + 8*m**2 + 5. Is n(6) a prime number?
False
Suppose -5*h + 6807 = -5363. Is h composite?
True
Suppose -2*u = 2*u - 60. Is u a composite number?
True
Is (-1)/(-3) - ((-6764)/3 + -3) a composite number?
True
Let y(n) = 5*n**2 + 9*n + 9. Let v(s) = -s**2 - s - 1. Let u(g) = -6*v(g) - y(g). Is u(-2) composite?
False
Suppose 0*w = -5*x - 5*w + 10, 0 = x - w - 4. Suppose g = -g - 5*t - 21, x*g - 2*t - 16 = 0. Is ((-3)/(-9))/(g/84) a prime number?
False
Let s = 1 - -2. Suppose 0*y = -s*y + 93. Is y prime?
True
Suppose -5*n + n = -212. Is n a composite number?
False
Let f be (6/15)/(1/425). Suppose 6*k = 4*k + f. Is k a prime number?
False
Let x(w) = w - 4. Let r(y) = 3*y - 4. Let j be r(3). Let a be x(j). Is 1/(a*1/11) composite?
False
Let z be (-75)/(-12) + 2/(-8). Suppose 0*r + z = 2*r. Let m = r + 30. Is m prime?
False
Let h be 119 + (36/3)/(-4). Let v = h - 73. Is v a prime number?
True
Is (4 - 5)/(3/(-111)) a prime number?
True
Suppose m + 2*m + 30 = 0. Let g(w) = -w**3 - 11*w**2 - 11*w - 7. Is g(m) a composite number?
False
Suppose -5 = 5*i - 0. Is 3*i + 33 + 7 a composite number?
False
Let g(a) = -3*a + 9*a + 2*a - 3. Is g(5) prime?
True
Suppose 48 = 2*f + f. Suppose c + 18 - 1 = -4*w, 2*w + f = 2*c. Is (c/3 + -2)*-23 a prime number?
True
Suppose 5*l - 823 = -103. Suppose 2*k = -5*d + l, -2*d + 207 = 3*k + d. Is k a composite number?
False
Suppose 16 = -2*n - 8. Let q = -8 - n. Let a(s) = 10*s - 5. Is a(q) composite?
True
Suppose 5*y = 2*f + 2*y - 56, -y = -f + 26. Suppose -m + 2*m = 0. Let k = f + m. Is k prime?
False
Let j be 28/6 - (-4)/12. Suppose -s + 307 = 2*l, -j*l - s + 784 = -4*s. Suppose -3*t + 112 + l = 0. Is t a composite number?
False
Let j be (-9)/(-6) + (-322)/4. Is j/((0 + -1)*1) composite?
False
Suppose -5*l + 13 = -12. Suppose -i + 403 = 3*r, 4*r + l*i = i + 5